 + 8 - (1 + 15 - 10).
6
Evaluate 3 - (-1 - (-10 + 4)).
-2
2 + -5 + (-1 + -4 - -1)
-7
Calculate -6 + 2 - 1 - (23 - 21).
-7
What is the value of (-2 + 6 - 12) + 13?
5
Evaluate 16 - (17 + -10 - -2).
7
What is the value of -9 + -7 + 19 + -10?
-7
What is the value of (-2 + -3 - -3 - -1) + -4?
-5
Calculate 2 - ((5 - 3) + -3) - 8.
-5
What is 0 - (-1 + 5) - (-272 - -272)?
-4
What is the value of 27 + -38 - (-3 - (-1 + 1))?
-8
Evaluate 0 + 0 - (4 + 2) - 0.
-6
Evaluate -2 + -7 + 20 + -1 + -1.
9
Evaluate (1 - (0 + -2)) + 4 + 1.
8
Calculate -4 + -3 + 2 + 3.
-2
Evaluate (-2 - 2 - (0 + 0)) + 4.
0
What is (2 - (0 + -1)) + (34 - 33)?
4
Calculate 4 - 8 - (4 - (5 - -2)).
-1
Calculate (3 - -5 - 6) + (-1 - 1).
0
Evaluate 13 + -12 - (0 + 1).
0
3 - (-1 + 5 - 5)
4
What is 3 + 1 + -3 + -4 + 1?
-2
-6 - -2 - (1 - 7)
2
Evaluate -1 + (10 + -5 - (1 - -3)).
0
What is -16 + 18 - (-3 + 5 + 0)?
0
1 - 3 - (-9 - -10)
-3
2 + (0 - (5 + -5))
2
What is the value of (2 - -4) + (-8 + 13 - 3)?
8
Calculate (5 - 1 - 3) + 5 + -1.
5
Evaluate -4 - (3 + 1 + -5).
-3
(-1 - 2 - 1) + -22 + 26
0
Calculate (-7 - -7 - 8) + 3 + 16.
11
What is the value of -3 - ((3 - 3) + 0)?
-3
3 - (1 - 3) - (-21 - -21)
5
What is 2 - (5 + 5 + -11) - 6?
-3
Calculate (-4 - -4) + 5 - 5.
0
Evaluate 5 - (1 - (-4 + 1)).
1
Evaluate (0 - 1) + -3 + -2 + 4.
-2
What is 0 + 1 + -2 - -3?
2
Evaluate 0 + -5 + 3 + -2.
-4
What is 2 + -2 - (0 + 2 + 0)?
-2
4 + 0 + 4 - 2
6
What is 6 - (8 + -4 + 0 - 2)?
4
6 + -5 - 3 - (10 - 15)
3
What is the value of -3 - (2 + -1 + -1)?
-3
What is (-5 - -1) + 127 + -132?
-9
-4 - 0 - -1 - (4 - 2)
-5
Evaluate 188 - 189 - (-1 - (-5 + -1)).
-6
What is the value of 4 - 0 - (-21 + 25)?
0
What is the value of (2 - (-1 - -2)) + -3 + 6?
4
Evaluate 3 + -6 + 8 + -6.
-1
Calculate (0 - -4) + -5 - -4.
3
What is -5 - (4 - -5) - -9?
-5
What is -50 - -44 - (3 + 0)?
-9
What is -1 + (3 - -2) + -6?
-2
What is the value of 1 + (-2 - (-10 + 6)) + 4?
7
4 + (3 - 5) - 0
2
What is the value of (5 - (9 + 1)) + 0 - -2?
-3
Calculate (-4 + 2 - -2) + 1 - -1.
2
What is (-2 - -8) + (-2 - (3 - 5))?
6
What is the value of -4 + 6 + -9 - -3?
-4
Calculate -11 + (-4 - -14) - 9.
-10
Calculate -3 + 2 + (1 - 0 - 2).
-2
Evaluate (-2 - 1 - -6 - 7) + 2.
-2
-1 + (1 - -1 - 4)
-3
What is -3 - (2 - 0) - (13 + -17)?
-1
What is the value of 2 - 5 - (13 + -11)?
-5
-1 - (4 + 0 + (-13 - -10))
-2
Evaluate 10 - ((0 - 3) + 10).
3
What is the value of 3 + -1 + -2 - (6 - 2)?
-4
What is -24 - -19 - (0 - 2)?
-3
What is the value of (0 - 0) + -3 + 4?
1
Evaluate (2 - 0) + (4 - 5 - 6).
-5
What is -76 - -82 - (4 - 1)?
3
Evaluate (-1 - 0) + (-18 - -17).
-2
Calculate (-7 - (2 + -1)) + 2.
-6
Evaluate 13 + -7 + (8 - 13).
1
What is (0 - (-2 + 1)) + 3?
4
What is 4 + -4 + (-8 - -3) + 8?
3
What is -5 - -3 - (8 + (2 - 4))?
-8
-2 + -1 - (1 + 1)
-5
Evaluate 1 + 10 - (-19 - -25).
5
What is (4 - 7) + -1 - -20 - 7?
9
Evaluate -11 + -3 + 1 + 8.
-5
(-3 - (-1 - 5)) + 6 + -9
0
What is the value of 6 - (11 + -2 + -27 + 22)?
2
-25 + 37 + (-8 - 0)
4
What is the value of (-4 - 0 - -4 - -3) + 0?
3
Calculate (-1 - (-1 + (-2 - -2))) + -7.
-7
Calculate 0 + 0 + -4 + 4 + -3.
-3
What is -14 + -2 + 8 + 2?
-6
What is -10 + 6 + 4 + -15 + 11?
-4
Evaluate (-3 - -6 - 7 - -13) + -4.
5
What is the value of -1 - 3 - (-9 + 3)?
2
What is -13 + (-6 - -16) + -4?
-7
Calculate -1 - (-5 - (1 + -3)).
2
What is -1 - -6 - (52 - 50)?
3
Calculate (29 - 33) + (-1 - 0).
-5
Calculate -3 + 6 - (1 + -6 + 4).
4
Evaluate -2 - -7 - (3 - -4).
-2
-3 - ((-1 - (-5 - -1)) + -4)
-2
Evaluate (3 - (4 + -4)) + -3 + -4.
-4
What is -2 + 8 - (1 + (3 - -4))?
-2
Evaluate -9 + (3 + 3 - (2 - 0)).
-5
What is the value of 0 + -5 + (3 - 2)?
-4
Evaluate -8 - (5 - (-2 + (11 - 0))).
-4
What is the value of (-8 - (-11 + 2)) + -7?
-6
Calculate 5 - (4 + -6 - -3).
4
Calculate 0 - -1 - (-2 - 0 - -2).
1
-3 + 7 + -4 + 9 - 4
5
What is the value of -3 + 0 + 2 + (7 - 10)?
-4
-3 + -1 - -1 - (75 - 73)
-5
Evaluate 1 + -1 + (-6 + -5 - -12).
1
Calculate (-8 - 2) + (-2 + -1 - -7).
-6
What is -87 - -88 - (2 + 1 - -2)?
-4
Calculate -7 + (-8 - (-14 - 3)).
2
What is (3 - 1 - 10 - -3) + 2?
-3
Calculate (-2 - -12 - 3) + -9 + 3.
1
Calculate (89 - 91) + (1 - -6).
5
-20 - -30 - (15 - -1)
-6
Evaluate -14 + 19 + (0 - 1).
4
Evaluate 5 - (1 + 0 - (1 - 2)).
3
What is 0 + (-7 - -1) + 5?
-1
-5 + -2 + 5 - -9
7
What is the value of (0 + -2 - 0) + 7?
5
Evaluate 5 + (15 - 11 - (-1 + 15)).
-5
What is the value of -1 - -3 - (6 - 5 - -1)?
0
What is -4 + -1 + 14 + (2 - 6)?
5
-2 + (14 - 8) + 4
8
Calculate -6 + (5 - (0 - 6 - -9)).
-4
What is 16 - 12 - (1 + (-3 - -5))?
1
What is -2 + 5 + 8 + (-1 - 0)?
10
(5 + 3 - 4) + (-4 - -2)
2
Evaluate (3 - 2) + (3 - -1) + -2.
3
5 + (-16 - (-2 + -7))
-2
Evaluate 11 + (3 - (2 + 8)).
4
Evaluate (2 - (-5 + 6)) + -4 + 10.
7
Calculate (-5 - 1 - -9) + 3.
6
What is the value of 1 - (5 + -4 - 4 - -7)?
-3
Evaluate 13 - (-10 + 8 + 15).
0
Calculate 3 + 5 + -3 + -4.
1
What is -5 + (2 - 0) + 0?
-3
What is the value of -4 + 2 + 6 - (8 + -8)?
4
Calculate 0 + -2 + 5 - (1 - 0).
2
-2 + (-9 + 3 - -15)
7
What is the value of 8 + (-19 - -3) + 11?
3
What is the value of -1 + (-8 - (-7 + 2))?
-4
Evaluate 2 - ((-1 - -3) + -2) - 3.
-1
0 + (10 - 1 - (-8 + 11))
6
15 + -2 + 1 - (5 - -1)
8
What is the value of 2 - (-2 + 2) - (2 + 4)?
-4
Calculate -6 - (-1 - (11 + -11)).
-5
Evaluate 7 - (3 + 3 - 1).
2
Evaluate -7 + 7 - (5 - (-1 - -3)).
-3
1 + (-1 + (2 - -2) - 4)
0
(-4 - -1) + -42 + 49
4
Calculate 1 - (-3 + (-2 - -2)).
4
17 + -14 - ((-2 - -4) + -6)
7
Calculate 3 - -3 - 3 - 9 - -1.
-5
Calculate -1 + -3 + -13 + 12.
-5
Evaluate -3 + -9 + 5 + 3.
-4
Evaluate -2 - 2 - -3 - (2 - 2).
-1
What is the value of 2 - (-11 - (-8 - -1))?
6
Calculate 15 + -11 - (0 - 0).
4
Calculate 5 - 2 - (0 + 2).
1
10 - 13 - -2 - (0 - -1)
-2
Evaluate 3 - (1 - (-4 + -1)).
-3
Evaluate 1 + 0 + -1 - 0.
0
3 - (2 - (1 - -1))
3
5 - (-1 - -3 - -3)
0
What is (-4 - (-4 - (1 + -2))) + -1?
-2
Calculate 0 - (0 - 1 - (-6 + 4)).
-1
Evaluate (3 - 1) + 2 - (-1 + 2).
3
(1 - 7) + (4 + -6 - -16)
8
Calculate 1 + 11 - 23 - (-5 - 1).
-5
What is the value of 7 + -8 + 2 + (3 - 0)?
4
What is 7 - (-4 + (-6 - -16) + 0)?
1
What is the value of -17 + 3 - (-15 + 6)?
-5
What is -3 + 4 + 0 - 6?
-5
What is the value of 3 + (0 - -3) + 3 + -7?
2
Evaluate 4 - (7 - (2 + -3 + 5)).
1
-6 - ((4 - 4 - 4) + -2)
0
10 + -2 + (2 - 8)
2
What is the value of -10 + 6 + (1 - -3) - 2?
-2
Calculate 2 - 6 - (-1 + 4).
-7
What is (-3 - -1 - -11) + -4?
5
1 - (14 + -8 - 4)
-1
Evaluate 3 + -4 + (7 - 1).
5
-1 - -4 - (-20 + 19)
4
(4 - (1 - 3)) + -3
3
-20 + 15 + -5 - -10
0
Calculate 1 + 0 - (-5 - (2 + -10)).
-2
Calculate 0 + 1 + 2 - (-10 - -10).
3
Calculate 7 - (0 - (-6 + 4)) - -3.
8
Evaluate (-1 - -4) + -2 - (-3 - -5).
-1
Evaluate 5 + -1 + -9 + 3.
-2
What is -14 - (-9 + -3 + -10)?
8
What is 4 + 1 + -5 + 1?
1
Calculate (-4 - 1 - -6) + -5.
-4
Calculate 6 + (-6 - (-4 + 0)) + -9.
-5
What is the value of 3 + (4 - 11) - -5?
1
Calculate -1 - -1 - (-14 + 12).
2
Calculate -2 - (-6 + 2 + 13 + -7).
-4
Calculate 3 + (0 + -11 - -4).
-4
What is -4 - 0 - -9 - (1 - -2)?
2
What is 13 + -10 - (15 + -15)?
3
Evaluate (3 - (-5 - -11)) + 2 + 0.
-1
What is -2 - -6 - ((-4 - -8) + -6)?
6
Evaluate 2 - -3 - (5 - -1).
-1
What is the value of 4 + 2 + -1 + -5?
0
What is -6 + 8 - (8 + -1)?
-5
Evaluate 0 + 0 + -1 + 1.
0
What is 4 + -3 + (-11 - -1)?
-9
Calculate (8 - (0 + 6)) + (-1 - 4).
-3
What is the value of 18 + -7 - 17 - (0 + -12)?
6
What is (2 - (3 + 1 + -3)) + 4?
5
What is the value of 5 + -1 + (-6 - (4 + -4))?
-2
Evaluate 1 + 1 + 6 + -2.
6
What is -5 + (-7 - 0) + 6?
-6
-3 + -2 + (-3 - (-6 + -2))
0
What is the value of -9 - (-5 + 6 + -1)?
-9
-3 - 0 - (0 - (2 + 0))
-1
Evaluate (-20 + 5 - -7 - -15) + 0.
7
(14 + -4 - 24) + 7
-7
-6 + (6 - 9 - -14) + 0
5
Calculate -11 + (10 + 2 - 2).
-1
(-5 - -11) + (-4 - -1)
3
-1 - -4 - (8 + -3)
-2
What is the value of -4 + 1 - (6 - 30 - -18)?
3
Calculate 5 + (6 - 14) - (0 - -1).
-4
What is the value of (7 - 1) + (6 - (18 - 11))?
5
Calculate 5 + (-9 - 2) - -3.
-3
Calculate 2 - (7 + 0 - (2 + 0)).
-3
-7 + -10 + 18 + 1
2
What is -4 + 8 - -2 - 1?
5
Calculate -3 + (0 - 1 - -2).
-2
What is 8 + -12 - (-3 - (-3 + 1))?
-3
Calculate (11 - (-3 - -5)) + (-16 - -15).
8
Calculate (3 - 6) + (-2 - -6).
1
What is (0 - 1) + 8 - 9?
-2
(3 - -8) + (-27 - -20)
4
What is -1 + 5 + (-7 -